 common factor of r and 126?
18
Let b = -53 + 51. Let q be b/7 - (-932)/28. Calculate the highest common factor of q and 165.
33
Suppose c + 3*c - 8 = 0. Suppose c*u - 12 = -4*s, 2*s = 7*s - 3*u - 4. Let t be 0 + 16 + (5 - s). Calculate the highest common factor of t and 209.
19
Suppose 0 = -11*o - 161 + 975. What is the greatest common factor of o and 259?
37
Suppose -6*x - 16 = -88. Calculate the highest common factor of x and 372.
12
Let l = 31 - 14. Let h be (-20)/70 - (-5244)/28. What is the highest common factor of l and h?
17
Let b be 15/4 - (-9)/(-12). Suppose b*z + 17 = 38. What is the greatest common divisor of 56 and z?
7
Let p(w) = 5*w**2 - 20*w + 28. Let i(r) = -3*r**2 + 13*r - 19. Let c(o) = -8*i(o) - 5*p(o). Let d be c(-4). Calculate the greatest common factor of d and 36.
12
Suppose 5*s = -5*m, -3*s - s - 36 = -5*m. Suppose 5*w - 18 = 2*x, 2 + 6 = w + 4*x. What is the highest common factor of w and m?
4
Let s(r) = -25*r - 1. Let z = -7 + 6. Let d = z + 0. Let n be s(d). What is the greatest common factor of n and 72?
24
Suppose -121*j + 199*j = 5148. Suppose 11 - 5 = a. Calculate the highest common factor of a and j.
6
Let n(k) = k**2 - 2*k + 8. Let i be n(3). What is the highest common divisor of i and 352?
11
Let q(l) = 16*l**2 - 4*l - 3. Let y be q(-3). Let s(k) = -k**3 - 33*k**2 - 16*k + 529. Let u be s(-32). What is the highest common divisor of y and u?
17
Let c(o) = -43*o + 94. Let t be c(-6). Calculate the highest common divisor of 11 and t.
11
Let k be -6*4/(-9)*18. Let p(q) be the first derivative of -q**4/2 - q**3 + 3*q**2/2 - 2*q + 6. Let r be p(-3). What is the highest common divisor of r and k?
16
Let x be 3236/(-12)*-1 - 3/(-9). Calculate the greatest common factor of x and 18.
18
Let x = -203 + 305. Calculate the highest common divisor of 170 and x.
34
Let n be (-6 + (-35)/(-14))*(-1 + -21). Let m = n + -68. What is the highest common divisor of m and 9?
9
Let m(z) = -8*z - 203. Let l be m(-26). What is the highest common factor of 565 and l?
5
Suppose 2*i = 31 + 3. Let t = 454 - -92. Let y be t/4 + 3/6*-1. What is the highest common divisor of i and y?
17
Let k be 6/8 + 453/4. Suppose -k = -2*l + 110. Suppose -3*o + o = -l. Calculate the greatest common factor of o and 14.
14
Let f(h) = h**3 - 3*h**2 - 2*h + 4. Let b be f(3). Let l(c) = 2*c**2 + c - 1. Let s be l(b). Calculate the greatest common divisor of s and 10.
5
Suppose -4*x + g + 317 = 0, x - 4*x + 243 = g. Let s be (-141)/(-28) + 74/(-2072). Calculate the highest common factor of s and x.
5
Let s = -325 + 460. What is the highest common factor of s and 120?
15
Let c(w) = 15*w**2 + 4*w - 3. Suppose -3*x - 2 + 14 = 0. Let d be (6/x)/((-3)/(-4)). Let q be c(d). What is the greatest common factor of 13 and q?
13
Suppose -102 = -21*r + 4*r. Calculate the greatest common factor of 294 and r.
6
Let a = 19 - 11. Suppose 3*k = k + a. Suppose -3*z = -k*z + 7. Calculate the greatest common factor of z and 7.
7
Let j = -301 + 462. Calculate the highest common divisor of j and 46.
23
Suppose -3*h + 2 - 5 = 0, h = -2*g + 57. What is the highest common factor of 58 and g?
29
Let d(c) = -c**3 - 14*c**2 + 11*c - 34. Let j be d(-15). Suppose -j*s = -14*s - 204. What is the greatest common factor of s and 119?
17
Let l be 40/(-6)*(-78)/4. Suppose 0 = 19*c - 0 - 0. Suppose c*u + l = 2*u. What is the highest common divisor of 13 and u?
13
Let u(y) be the first derivative of -y**3/3 + 7*y**2/2 - 3*y - 20. Let a be u(3). What is the greatest common divisor of 45 and a?
9
Let n = 498 - 482. What is the highest common divisor of n and 12?
4
Let v = -47 + 51. Suppose -v = -4*r + 28. Calculate the greatest common factor of r and 12.
4
Suppose 6*u + y = 9*u - 4691, -y - 3129 = -2*u. What is the greatest common divisor of u and 22?
22
Suppose 0 = 5*g - q - 169, 0 = -2*q - q - 12. What is the greatest common factor of g and 231?
33
Suppose 0*i + 24 = i. Suppose 4*t - 52 = i. Calculate the highest common divisor of t and 209.
19
Let g be -3 + -4*5/(-4) - 0. What is the highest common factor of g and 106?
2
Let x = 1606 - 1142. Calculate the greatest common factor of x and 58.
58
Suppose -26*a + 5577 = -15*a. What is the greatest common factor of a and 78?
39
Let y = 37 - 57. Let t(a) = -2*a - 16. Let r be t(y). Calculate the highest common factor of 48 and r.
24
Let t = 473 + -313. Let m = 4 - -12. Calculate the greatest common divisor of m and t.
16
Let f(l) = l**3 - 5*l**2 + 7*l - 3. Let u be f(6). Suppose 22*p - 188 - 142 = 0. Calculate the highest common divisor of u and p.
15
Let v be 8*(0 + 12/16). Suppose -3*r + 2*c - 16 = -v*r, 2*r = 4*c. Suppose r*m - 66 = 6. What is the greatest common divisor of 27 and m?
9
Let c(l) = 16*l**2 + 2*l - 2. Let w be c(-3). Suppose -52*r + 206 = -210. What is the highest common divisor of r and w?
8
Let i = 263 - 213. Calculate the highest common divisor of i and 4.
2
Let g(w) be the second derivative of -w**3/6 + 28*w**2 - w. Let r be g(0). Let o = -639 - -723. Calculate the greatest common factor of o and r.
28
Let k = -1026 + 1044. Let x be (27/(-4))/(1/(-8)). What is the greatest common factor of x and k?
18
Let i(k) = 3*k + 7. Let d be i(29). Calculate the highest common factor of 423 and d.
47
Let l = 100 - 99. Let b = 52 - l. Calculate the greatest common factor of 3 and b.
3
Let v be 2/(-9) - 38/(-9). Suppose 4*u - i - 65 = -0*i, 63 = v*u + i. Suppose r - 6*r + 200 = 0. Calculate the highest common factor of u and r.
8
Let a(p) = p**3 - 3*p**2 + 2*p + 12. Let s be a(4). What is the highest common factor of s and 45?
9
Let p be (1 - -5) + 3 + -1. Let o(g) = 6*g + 12. Let h be o(-1). Let y = p + h. Calculate the highest common factor of 35 and y.
7
Let x be 5/(15/(-246))*30/(-20). What is the greatest common divisor of 82 and x?
41
Let i be (34/(-8))/(7/(-28)). Suppose 2*h + 4*c + 10 = 84, 0 = -h + 2*c + i. Calculate the highest common divisor of h and 9.
9
Let i be (3 - 102)*1/(-3). Let a(o) = o - 4. Let w be a(15). What is the greatest common divisor of i and w?
11
Suppose 16*l - 2*s - 40 = 11*l, 2*l = -3*s - 3. Calculate the greatest common divisor of l and 438.
6
Suppose 0*k + 2*p = -3*k + 27, 3*k - 6 = 5*p. Suppose 3*m + k = 1. Let y be (-6)/(-4) + (-87)/m. Calculate the greatest common divisor of 30 and y.
15
Let b(s) = -9 - 5 - s + 4*s + 0. Let l be b(6). Let g = 8 - 2. Calculate the highest common factor of l and g.
2
Suppose 7*a - 24 = -a. Suppose -4*m + a*j = -j - 16, 40 = 3*m + 4*j. Let z be (-2)/m - (-1325)/20. Calculate the highest common factor of z and 44.
22
Let t be 31*(2 - (1 - 0)). Let x be ((-4)/32*-4)/((-1)/28). Let s = t - x. What is the highest common divisor of 18 and s?
9
Let m be 144/10 - 72/(-120). Calculate the highest common factor of 240 and m.
15
Let g be 7 - (-10)/(-5) - -83. Suppose -5*z - 4*l + 63 = 0, 2*l = -3*z + 4*l + 29. What is the greatest common factor of z and g?
11
Suppose 16254 = -28*b + 70*b. Calculate the highest common factor of 86 and b.
43
Suppose 5 = r, 4*c - 5*r = -4*r + 443. Let o = 48 + -16. Calculate the greatest common factor of c and o.
16
Let k = -83 + 270. What is the greatest common divisor of k and 11?
11
Let a(y) = -80*y + 1. Let w be a(-1). Let o = 87 + -33. What is the greatest common divisor of w and o?
27
Let k(r) = r**2 - r + 2. Let q be k(-4). Let u = -32 - -38. Suppose 0 = -u*o + 57 + 9. Calculate the greatest common factor of o and q.
11
Suppose -5 = -3*l - 2, -5*l + 2 = -b. Suppose -2*q - 61 - 13 = -4*h, -3*q - 63 = -b*h. Calculate the highest common factor of 40 and h.
8
Let t(g) = -2*g + 18. Let d be t(8). Suppose 188 = d*l - 92. What is the highest common factor of l and 20?
20
Let z be (-321)/(-18) - (-6)/36. What is the highest common factor of z and 2?
2
Let l(y) = 10*y**2 + 45*y - 12 - 44*y - y**3 + 6*y**2. Let b be l(16). Calculate the highest common factor of 6 and b.
2
Let h = -78 + 174. Let u = h + -46. Let g = -4 + 14. Calculate the highest common divisor of g and u.
10
Let c(z) = 4*z**2 + 2*z - 6. Let m be c(8). Calculate the highest common factor of m and 342.
38
Let s(t) = -t**2 + 8. Let g(i) = -2*i**2 + i + 16. Let p(q) = -4*g(q) + 7*s(q). Let v be p(7). What is the highest common factor of 130 and v?
13
Suppose -2*u - c = -1, 4*u - u + 4*c = -11. 